on factor of 67 and 233777070?
67
What is the highest common factor of 330 and 539352066?
66
What is the highest common factor of 71 and 1364289?
1
Calculate the greatest common factor of 468 and 1698318.
18
Calculate the highest common divisor of 1838 and 859965278.
1838
What is the greatest common factor of 537806 and 54718?
218
Calculate the highest common divisor of 167447 and 123557.
133
Calculate the highest common divisor of 1579952 and 965756.
2068
What is the greatest common factor of 1364 and 534462940?
1364
Calculate the highest common factor of 7421 and 1364921.
181
What is the greatest common factor of 9502456 and 15836?
428
What is the highest common factor of 4860 and 1277625?
15
What is the highest common divisor of 520 and 1215168500?
260
What is the greatest common factor of 90802866 and 1848?
462
Calculate the greatest common factor of 339880 and 301020.
580
What is the highest common factor of 678410646 and 183?
183
What is the greatest common factor of 61 and 341294634?
61
Calculate the highest common divisor of 36240023 and 1271.
1271
Calculate the highest common divisor of 3850 and 115259375.
1925
What is the highest common divisor of 6624644 and 15341?
667
What is the highest common divisor of 100035 and 3952?
247
Calculate the highest common divisor of 52621 and 976875.
521
Calculate the highest common factor of 3792 and 91999608.
1896
Calculate the greatest common divisor of 16 and 156080296.
8
What is the highest common divisor of 4105616 and 8768?
2192
What is the greatest common divisor of 3364 and 660794?
58
What is the greatest common factor of 339942 and 95559?
159
Calculate the greatest common divisor of 2180354 and 248.
62
What is the greatest common factor of 997640 and 160?
40
What is the greatest common divisor of 36349150 and 100?
50
What is the greatest common divisor of 12 and 17885379?
3
Calculate the highest common divisor of 23584 and 129448.
88
What is the greatest common factor of 748 and 294127064?
748
What is the highest common factor of 630 and 3839592015?
315
Calculate the greatest common divisor of 276072 and 32.
8
What is the highest common factor of 53494734 and 414?
138
What is the greatest common divisor of 1600 and 24480128?
64
Calculate the highest common factor of 1292 and 29848396.
68
What is the greatest common divisor of 994 and 28072832?
142
Calculate the greatest common divisor of 7032 and 7070676.
3516
Calculate the highest common factor of 27242 and 28130706.
514
What is the greatest common divisor of 2650 and 249250?
50
What is the highest common factor of 2794 and 1053846?
254
What is the highest common divisor of 344848 and 446455?
3079
What is the highest common divisor of 33896292 and 111?
111
Calculate the highest common factor of 1934711 and 12433907.
12323
What is the highest common divisor of 3 and 14511471?
3
What is the greatest common divisor of 139111920 and 16560?
720
What is the highest common divisor of 12 and 3365564?
4
What is the greatest common factor of 162 and 13004550?
162
What is the greatest common divisor of 5 and 43015085?
5
What is the greatest common divisor of 1315760 and 920?
40
What is the highest common divisor of 53338441 and 169?
13
What is the greatest common divisor of 91462 and 1974?
658
What is the greatest common factor of 198 and 175470?
6
Calculate the greatest common divisor of 4706 and 1240408.
26
What is the greatest common divisor of 6 and 3896664?
6
What is the highest common divisor of 3645 and 35759475?
405
Calculate the highest common factor of 3477 and 31168987.
1159
What is the greatest common divisor of 25420 and 51143800?
620
Calculate the highest common divisor of 1540 and 150443260.
220
Calculate the greatest common divisor of 2932007 and 520.
13
Calculate the greatest common factor of 1082057 and 1290933.
661
What is the greatest common factor of 3218 and 582158726?
3218
Calculate the greatest common factor of 808 and 22152.
8
Calculate the highest common divisor of 98745158 and 234646.
10202
Calculate the greatest common factor of 4240039 and 277.
277
Calculate the highest common factor of 763 and 19735213.
109
What is the highest common factor of 9738941 and 473?
43
What is the greatest common factor of 375917850 and 532?
266
Calculate the greatest common divisor of 245 and 27220823.
49
What is the greatest common divisor of 885 and 163803765?
885
What is the greatest common divisor of 20381 and 16287?
89
What is the highest common factor of 22 and 71574371?
11
What is the greatest common factor of 758795 and 171035?
395
Calculate the highest common divisor of 14461601 and 11.
11
What is the highest common factor of 345 and 391215?
15
What is the highest common factor of 1208 and 418?
2
Calculate the greatest common factor of 37230654 and 42.
6
What is the highest common divisor of 224 and 1293?
1
Calculate the greatest common divisor of 824707 and 429.
13
What is the greatest common divisor of 78582330 and 306?
306
Calculate the highest common divisor of 187 and 175790506.
17
Calculate the highest common divisor of 11988 and 1961888.
148
Calculate the greatest common factor of 8928 and 244125.
279
What is the highest common divisor of 284 and 45577243?
71
Calculate the highest common divisor of 2196 and 1761948.
36
What is the highest common factor of 3223 and 923347601?
3223
Calculate the highest common factor of 17419671 and 621.
621
What is the greatest common divisor of 39688 and 4840?
968
Calculate the highest common factor of 336 and 19134416.
112
Calculate the highest common factor of 46609501 and 2039.
2039
What is the greatest common factor of 61 and 39827693?
61
Calculate the highest common factor of 9763 and 2327.
13
What is the greatest common factor of 14988 and 20747139?
3747
What is the greatest common factor of 44713 and 3522798?
733
Calculate the highest common factor of 432714 and 114.
6
Calculate the greatest common divisor of 1945632 and 507936.
1248
What is the highest common divisor of 512222471 and 2911?
2911
What is the greatest common divisor of 553 and 3260831?
7
What is the greatest common divisor of 295 and 24747845?
295
Calculate the greatest common divisor of 2800 and 137270800.
400
What is the highest common divisor of 235774 and 26278?
14
What is the highest common factor of 11530939 and 8806?
259
Calculate the greatest common factor of 2064 and 3420822.
258
Calculate the greatest common factor of 11378621 and 19701.
199
What is the greatest common divisor of 10696 and 1555120?
56
Calculate the greatest common factor of 319911228 and 6813.
6813
What is the greatest common divisor of 1219020 and 6996?
132
Calculate the highest common factor of 1109765 and 430.
5
What is the highest common divisor of 437121 and 864?
9
What is the highest common factor of 7969460 and 60?
20
Calculate the highest common divisor of 3354 and 61614098.
1118
What is the highest common factor of 151848948 and 3?
3
Calculate the highest common divisor of 259 and 600551.
7
Calculate the greatest common divisor of 5363900 and 12.
4
What is the highest common factor of 64 and 2218512?
16
What is the highest common divisor of 7580768 and 14176?
32
Calculate the greatest common divisor of 20 and 2606230180.
20
Calculate the greatest common divisor of 48 and 522717612.
12
Calculate the greatest common factor of 52 and 56453371.
13
What is the highest common divisor of 7180 and 60946712?
1436
Calculate the highest common divisor of 176681600 and 1408.
128
What is the highest common divisor of 2433642181 and 37?
37
What is the greatest common factor of 78718075 and 575?
575
What is the greatest common divisor of 42 and 35739347?
7
Calculate the greatest common factor of 3672 and 528045993.
459
Calculate the highest common factor of 6244123 and 35453.
293
What is the greatest common divisor of 13077 and 7983?
9
What is the highest common factor of 4574391800 and 6325?
6325
Calculate the highest common factor of 12939 and 214515.
681
What is the greatest common divisor of 1548848 and 22?
2
What is the greatest common factor of 642215 and 209981?
59
What is the highest common factor of 2111898 and 20445?
141
What is the greatest common divisor of 7679890 and 12293?
647
What is the greatest common divisor of 410321403 and 1